prime factors of 346493726?
2, 419, 413477
What are the prime factors of 440453639?
1033, 426383
What are the prime factors of 2188528378?
2, 109, 10039121
What are the prime factors of 4153853788?
2, 7, 1721, 86201
List the prime factors of 50244259.
13, 23, 197, 853
List the prime factors of 949694958.
2, 3, 29, 1819339
List the prime factors of 1008807225.
3, 5, 1361, 9883
List the prime factors of 541071349.
7, 13, 5945839
What are the prime factors of 2215725836?
2, 83, 307, 21739
What are the prime factors of 89051468?
2, 11, 31, 65287
List the prime factors of 32374611.
3, 3597179
List the prime factors of 5771640444.
2, 3, 131, 3671527
List the prime factors of 139387995.
3, 5, 79, 39209
What are the prime factors of 287187895?
5, 37, 1552367
What are the prime factors of 225750116?
2, 56437529
List the prime factors of 98546594.
2, 49273297
What are the prime factors of 1339913823?
3, 446637941
List the prime factors of 251019505.
5, 11, 29, 337, 467
What are the prime factors of 66541910?
2, 5, 17, 37, 71, 149
List the prime factors of 1448689840.
2, 5, 13, 383, 3637
List the prime factors of 166995225.
3, 5, 742201
List the prime factors of 3015643186.
2, 383, 577, 6823
List the prime factors of 9168342.
2, 3, 433, 3529
What are the prime factors of 2203638003?
3, 7, 34978381
What are the prime factors of 579672076?
2, 1523, 95153
List the prime factors of 84359833.
97, 869689
What are the prime factors of 84748948?
2, 379, 55903
What are the prime factors of 526556900?
2, 5, 853, 6173
List the prime factors of 692832713.
692832713
What are the prime factors of 61616275?
5, 7, 179, 281
List the prime factors of 51666217.
51666217
List the prime factors of 7977609.
3, 149, 661
List the prime factors of 2067466796.
2, 89, 883, 6577
What are the prime factors of 4199237041?
37, 113492893
What are the prime factors of 1056177371?
3373, 313127
What are the prime factors of 92768423?
11, 8433493
What are the prime factors of 637854462?
2, 3, 7, 14759
What are the prime factors of 485434299?
3, 7, 23115919
What are the prime factors of 539007050?
2, 5, 29, 127, 2927
What are the prime factors of 4571102042?
2, 13, 19, 9253243
List the prime factors of 264063836.
2, 83, 109, 7297
What are the prime factors of 812830822?
2, 41, 241, 41131
List the prime factors of 764673993.
3, 31, 913589
What are the prime factors of 98936924?
2, 113, 218887
What are the prime factors of 58633376?
2, 1832293
List the prime factors of 459453296.
2, 59, 181, 2689
What are the prime factors of 8317451163?
3, 7, 199, 1087, 1831
List the prime factors of 3020271737.
7, 4621, 93371
What are the prime factors of 227980727?
13, 17, 31, 107, 311
What are the prime factors of 94123075?
5, 3764923
What are the prime factors of 57816090?
2, 3, 5, 569, 1129
What are the prime factors of 8710669782?
2, 3, 483926099
List the prime factors of 6157728198.
2, 3, 97, 1867, 1889
What are the prime factors of 49092631?
7, 1361, 5153
List the prime factors of 40308084.
2, 3, 41, 9103
What are the prime factors of 153980512?
2, 7, 687413
List the prime factors of 2149777482.
2, 3, 29, 12355043
List the prime factors of 2335790013.
3, 778596671
What are the prime factors of 2233651052?
2, 167, 3343789
What are the prime factors of 965258420?
2, 5, 7, 127, 233
What are the prime factors of 596337018?
2, 3, 31, 103423
List the prime factors of 105532033.
4973, 21221
List the prime factors of 4629324.
2, 3, 7, 7873
What are the prime factors of 2643010197?
3, 59, 14932261
List the prime factors of 22839846.
2, 3, 3806641
List the prime factors of 283305376.
2, 79, 112067
What are the prime factors of 1208421932?
2, 23, 2441, 5381
List the prime factors of 96176589.
3, 491, 65293
List the prime factors of 418853315.
5, 1279, 65497
List the prime factors of 2828844964.
2, 11, 5844721
What are the prime factors of 37365135?
3, 5, 2491009
What are the prime factors of 449438647?
7, 64205521
What are the prime factors of 838687607?
19, 1847, 23899
What are the prime factors of 25186394?
2, 12593197
List the prime factors of 24878438.
2, 13, 173, 5531
What are the prime factors of 7735501079?
7735501079
What are the prime factors of 54512804?
2, 13628201
List the prime factors of 113956077.
3, 2309, 16451
What are the prime factors of 31922480?
2, 5, 399031
What are the prime factors of 3937545939?
3, 281, 4670873
List the prime factors of 3983374.
2, 53, 37579
List the prime factors of 995547375.
3, 5, 97, 3041
What are the prime factors of 112128011?
112128011
List the prime factors of 10631626.
2, 641, 8293
What are the prime factors of 10183180?
2, 5, 7, 10391
List the prime factors of 48813036.
2, 3, 4067753
What are the prime factors of 81505687?
19, 101, 42473
List the prime factors of 759472581.
3, 7, 23, 1572407
What are the prime factors of 7191738?
2, 3, 399541
What are the prime factors of 265606635?
3, 5, 7, 47, 107, 503
What are the prime factors of 1489492861?
30839, 48299
What are the prime factors of 2633759940?
2, 3, 5, 7, 6270857
List the prime factors of 720454119.
3, 7, 11, 3118849
List the prime factors of 70213651.
70213651
List the prime factors of 234429602.
2, 11, 2161, 4931
List the prime factors of 310280505.
3, 5, 20685367
List the prime factors of 468656892.
2, 3, 11, 1183477
What are the prime factors of 1349683935?
3, 5, 1279, 70351
What are the prime factors of 675485072?
2, 17, 113, 21977
List the prime factors of 1704777997.
13, 37, 3544237
What are the prime factors of 4253808547?
14983, 283909
List the prime factors of 699626847.
3, 2851, 81799
What are the prime factors of 148410002?
2, 13, 5708077
List the prime factors of 8790108.
2, 3, 732509
What are the prime factors of 1677446804?
2, 11, 191, 199601
List the prime factors of 268481003.
7, 1117, 34337
List the prime factors of 67146258.
2, 3, 11191043
What are the prime factors of 3412050300?
2, 3, 5, 3791167
List the prime factors of 28911966.
2, 3, 23, 9109
List the prime factors of 650670460.
2, 5, 11, 23, 128591
List the prime factors of 328817933.
19, 910853
List the prime factors of 142525625.
5, 11, 20731
What are the prime factors of 2293910338?
2, 1146955169
List the prime factors of 3788814376.
2, 6263, 75619
What are the prime factors of 937112192?
2, 7321189
What are the prime factors of 26622895?
5, 13, 19, 21557
What are the prime factors of 486849797?
7, 2281, 30491
List the prime factors of 3030353021.
37, 79, 223, 4649
List the prime factors of 1249359275.
5, 49974371
List the prime factors of 32702720.
2, 5, 29, 881
What are the prime factors of 260465849?
7, 29, 1283083
What are the prime factors of 1847007575?
5, 7, 19, 555491
List the prime factors of 55774257.
3, 7, 11, 83, 2909
What are the prime factors of 56960081?
17, 19, 176347
What are the prime factors of 2784255947?
11, 253114177
List the prime factors of 288565906.
2, 1979, 72907
List the prime factors of 16420254.
2, 3, 41, 66749
What are the prime factors of 820515163?
13, 63116551
List the prime factors of 310853317.
37, 1049, 8009
List the prime factors of 78597951.
3, 61, 429497
List the prime factors of 75568172.
2, 18892043
List the prime factors of 236744024.
2, 11, 31, 86783
What are the prime factors of 182055549?
3, 13, 19, 67, 193
What are the prime factors of 6531715?
5, 1306343
What are the prime factors of 106802245?
5, 11, 17, 103, 1109
List the prime factors of 46395364.
2, 313, 37057
List the prime factors of 91477360.
2, 5, 13, 87959
List the prime factors of 109397576.
2, 47, 131, 2221
List the prime factors of 110101515.
3, 5, 7340101
List the prime factors of 3268312000.
2, 5, 408539
List the prime factors of 267962423.
267962423
List the prime factors of 226364711.
226364711
What are the prime factors of 41275373?
41275373
List the prime factors of 655675595.
5, 131135119
List the prime factors of 100588892.
2, 25147223
List the prime factors of 220555645.
5, 44111129
What are the prime factors of 149289236?
2, 37322309
What are the prime factors of 273414627?
3, 61, 349, 1427
What are the prime factors of 557455984?
2, 1213, 28723
What are the prime factors of 714728294?
2, 7, 51052021
What are the prime factors of 245879930?
2, 5, 24587993
List the prime factors of 401804159.
67, 101, 59